atest common factor of 378 and 2158497.
9
What is the highest common divisor of 5760 and 11818368?
1152
Calculate the greatest common divisor of 58548 and 19238184.
3444
Calculate the greatest common factor of 96 and 24439632.
48
What is the highest common divisor of 146472 and 292?
4
What is the greatest common divisor of 18 and 9162306?
18
Calculate the highest common factor of 1871364 and 33924.
132
What is the greatest common factor of 769065 and 4071?
177
Calculate the highest common divisor of 21392 and 8130488.
1528
What is the greatest common factor of 112129353 and 42?
21
Calculate the greatest common divisor of 567 and 72959229.
63
Calculate the highest common divisor of 2 and 55434674.
2
What is the greatest common divisor of 690863 and 544?
17
What is the highest common divisor of 540 and 1198125135?
135
What is the greatest common divisor of 54736 and 151888?
176
Calculate the greatest common factor of 3206920 and 200.
40
Calculate the greatest common divisor of 207420 and 108.
12
What is the greatest common factor of 2692404 and 428428?
572
Calculate the highest common factor of 22197780 and 4860.
540
What is the greatest common factor of 1167019 and 17873?
293
Calculate the highest common factor of 8046 and 1128334833.
4023
Calculate the greatest common factor of 175 and 28735275.
25
What is the highest common divisor of 5657952 and 192?
96
Calculate the greatest common divisor of 97540 and 11140.
20
What is the greatest common factor of 24 and 770367448?
8
What is the highest common divisor of 20705715 and 30?
15
Calculate the greatest common factor of 7840902 and 150.
6
Calculate the greatest common divisor of 156235269 and 1356.
339
What is the greatest common factor of 165612 and 1158?
6
Calculate the greatest common divisor of 205 and 16777405.
205
What is the highest common factor of 4918300 and 6462?
718
What is the greatest common factor of 8545 and 4110?
5
Calculate the highest common divisor of 196709410 and 50.
10
What is the greatest common divisor of 150705 and 239598?
153
Calculate the greatest common factor of 2248320 and 14400.
960
Calculate the greatest common factor of 116963 and 117257.
49
Calculate the greatest common factor of 10464 and 1491774.
654
Calculate the greatest common divisor of 10580610 and 330300.
11010
Calculate the highest common divisor of 3 and 7897395.
3
What is the greatest common factor of 73750 and 1721250?
1250
What is the greatest common factor of 2702408 and 44137?
437
What is the highest common factor of 4440 and 65504?
8
What is the greatest common factor of 1950 and 314755350?
1950
What is the greatest common factor of 5532678 and 15138?
522
What is the greatest common factor of 1831 and 28576417?
1831
What is the greatest common factor of 1074744 and 20592?
792
What is the highest common divisor of 594 and 2034549?
99
Calculate the highest common factor of 427128 and 8904.
24
What is the greatest common factor of 560664 and 10183?
599
What is the highest common factor of 4247205 and 24720?
1545
What is the highest common divisor of 765 and 18596215?
85
Calculate the greatest common divisor of 21634 and 1939404.
58
What is the highest common divisor of 2137954 and 1581034?
3094
What is the highest common divisor of 123 and 75177723?
123
Calculate the highest common divisor of 77 and 2065393.
11
Calculate the highest common divisor of 13696 and 20013494.
214
Calculate the greatest common factor of 5264 and 17145506.
658
Calculate the highest common factor of 2212 and 1012298.
14
Calculate the highest common factor of 181 and 277197699.
181
Calculate the greatest common divisor of 19840341 and 62.
31
What is the highest common factor of 10812 and 78715812?
636
What is the highest common divisor of 13188 and 392379267?
3297
What is the highest common factor of 2075502 and 1448694?
3198
Calculate the greatest common divisor of 732160317 and 21.
21
Calculate the greatest common factor of 881326 and 59388.
202
Calculate the greatest common factor of 7183229 and 6921.
769
What is the greatest common divisor of 159 and 171664827?
159
Calculate the highest common factor of 375854156 and 34.
34
What is the greatest common divisor of 45824792 and 156?
52
What is the greatest common divisor of 3160220567 and 203?
203
What is the greatest common divisor of 4820 and 112983210?
2410
What is the highest common divisor of 448021 and 4669?
203
What is the highest common divisor of 7685 and 614111?
53
What is the greatest common factor of 18016 and 8177012?
2252
Calculate the greatest common divisor of 20166620 and 380.
20
What is the highest common divisor of 2248 and 3032022596?
1124
What is the greatest common factor of 16537240 and 80?
40
Calculate the highest common divisor of 546994657 and 11.
11
Calculate the greatest common divisor of 312 and 815016.
24
Calculate the highest common divisor of 14 and 5556691.
7
Calculate the greatest common factor of 858929 and 67118.
907
What is the highest common factor of 439617400 and 800?
200
Calculate the highest common divisor of 535 and 3884314.
107
What is the highest common divisor of 13373914 and 3592?
898
Calculate the highest common divisor of 543905400 and 456.
456
Calculate the highest common divisor of 119640 and 790.
10
Calculate the greatest common divisor of 29427 and 622361432.
9809
What is the highest common factor of 1368900 and 11040?
60
What is the greatest common divisor of 72 and 4441869?
9
Calculate the greatest common factor of 5075 and 53695530.
1015
What is the highest common divisor of 243 and 735883299?
81
Calculate the greatest common factor of 1758180 and 140.
20
What is the greatest common divisor of 446143 and 1275824?
659
Calculate the highest common factor of 326626 and 10.
2
What is the greatest common factor of 13948263 and 315?
63
Calculate the highest common factor of 2081486 and 176.
22
Calculate the highest common divisor of 11184 and 431909304.
5592
Calculate the highest common factor of 3386076 and 187404.
1164
Calculate the greatest common divisor of 888 and 64975737.
111
What is the greatest common divisor of 42056520 and 120?
120
What is the greatest common divisor of 11592261 and 171?
171
What is the greatest common factor of 2919 and 82470507?
2919
What is the greatest common divisor of 680 and 1001458440?
680
Calculate the greatest common factor of 36 and 132122538.
18
Calculate the greatest common factor of 17773 and 89397.
7
What is the highest common divisor of 397 and 46314020?
397
What is the greatest common factor of 71613850 and 135850?
10450
Calculate the highest common factor of 167687618 and 9951.
3317
Calculate the greatest common divisor of 110709093 and 11715.
2343
Calculate the highest common factor of 1729 and 11056879.
19
What is the highest common factor of 375 and 711918375?
375
Calculate the greatest common divisor of 1121419213 and 211.
211
What is the greatest common divisor of 4352326 and 7964?
3982
What is the highest common factor of 183 and 1037621529?
183
What is the highest common divisor of 5700 and 1293404100?
5700
What is the highest common divisor of 495135 and 27225?
45
What is the highest common factor of 1226 and 161362442?
1226
Calculate the greatest common divisor of 2235 and 102803295.
2235
What is the highest common divisor of 61191740 and 14210?
290
What is the greatest common divisor of 7693109 and 1219?
1219
Calculate the greatest common divisor of 3484594620 and 26.
26
Calculate the highest common factor of 29458 and 1042756.
286
Calculate the greatest common factor of 79761 and 7040.
11
What is the highest common factor of 910276 and 1?
1
Calculate the highest common divisor of 17995112 and 4912.
2456
Calculate the highest common factor of 203355544 and 168.
56
Calculate the highest common factor of 49819356 and 2232.
1116
Calculate the highest common factor of 1340 and 5675905.
335
What is the highest common divisor of 280174909 and 14?
7
What is the greatest common factor of 52916229 and 142?
71
What is the greatest common factor of 1134081 and 594?
27
Calculate the greatest common factor of 11841618 and 1146.
1146
What is the greatest common divisor of 832765 and 44545?
755
What is the highest common factor of 113049 and 8093471?
4187
What is the highest comm